s of 9844.
2, 23, 107
What are the prime factors of 77267?
77267
List the prime factors of 573.
3, 191
What are the prime factors of 18825?
3, 5, 251
What are the prime factors of 339?
3, 113
List the prime factors of 6433.
7, 919
List the prime factors of 5581.
5581
What are the prime factors of 77961?
3, 13, 1999
What are the prime factors of 11703?
3, 47, 83
What are the prime factors of 24235?
5, 37, 131
What are the prime factors of 809?
809
What are the prime factors of 2107?
7, 43
What are the prime factors of 43682?
2, 21841
What are the prime factors of 2989?
7, 61
List the prime factors of 1346.
2, 673
List the prime factors of 1874.
2, 937
What are the prime factors of 5380?
2, 5, 269
What are the prime factors of 493?
17, 29
List the prime factors of 37750.
2, 5, 151
List the prime factors of 5040.
2, 3, 5, 7
What are the prime factors of 50644?
2, 11, 1151
What are the prime factors of 822?
2, 3, 137
List the prime factors of 59951.
59951
List the prime factors of 23349.
3, 43, 181
What are the prime factors of 50966?
2, 17, 1499
List the prime factors of 21398.
2, 13, 823
List the prime factors of 628.
2, 157
What are the prime factors of 474?
2, 3, 79
List the prime factors of 21071.
19, 1109
What are the prime factors of 77486?
2, 17, 43, 53
What are the prime factors of 1074?
2, 3, 179
List the prime factors of 4964.
2, 17, 73
What are the prime factors of 5890?
2, 5, 19, 31
What are the prime factors of 24874?
2, 12437
List the prime factors of 621.
3, 23
What are the prime factors of 7274?
2, 3637
List the prime factors of 69593.
69593
List the prime factors of 13592.
2, 1699
What are the prime factors of 2236?
2, 13, 43
What are the prime factors of 8523?
3, 947
What are the prime factors of 81270?
2, 3, 5, 7, 43
What are the prime factors of 619?
619
What are the prime factors of 2728?
2, 11, 31
What are the prime factors of 7376?
2, 461
List the prime factors of 224.
2, 7
List the prime factors of 9150.
2, 3, 5, 61
What are the prime factors of 11002?
2, 5501
List the prime factors of 13979.
7, 1997
What are the prime factors of 2482?
2, 17, 73
What are the prime factors of 95588?
2, 23, 1039
List the prime factors of 3735.
3, 5, 83
List the prime factors of 7584.
2, 3, 79
What are the prime factors of 53690?
2, 5, 7, 13, 59
List the prime factors of 5359.
23, 233
What are the prime factors of 17374?
2, 7, 17, 73
What are the prime factors of 7516?
2, 1879
What are the prime factors of 14075?
5, 563
List the prime factors of 8631.
3, 7, 137
What are the prime factors of 5102?
2, 2551
List the prime factors of 1865.
5, 373
List the prime factors of 8038.
2, 4019
What are the prime factors of 1018?
2, 509
List the prime factors of 37.
37
List the prime factors of 1973.
1973
List the prime factors of 5145.
3, 5, 7
What are the prime factors of 2988?
2, 3, 83
List the prime factors of 3661.
7, 523
What are the prime factors of 50?
2, 5
What are the prime factors of 4409?
4409
What are the prime factors of 7089?
3, 17, 139
What are the prime factors of 491?
491
List the prime factors of 1386.
2, 3, 7, 11
List the prime factors of 38.
2, 19
List the prime factors of 64541.
233, 277
What are the prime factors of 7547?
7547
What are the prime factors of 65309?
65309
What are the prime factors of 981?
3, 109
List the prime factors of 4341.
3, 1447
List the prime factors of 22088.
2, 11, 251
List the prime factors of 303.
3, 101
List the prime factors of 5751.
3, 71
List the prime factors of 9469.
17, 557
List the prime factors of 1098.
2, 3, 61
List the prime factors of 23507.
11, 2137
What are the prime factors of 58207?
58207
List the prime factors of 2737.
7, 17, 23
List the prime factors of 34456.
2, 59, 73
What are the prime factors of 14265?
3, 5, 317
What are the prime factors of 4183?
47, 89
What are the prime factors of 1226?
2, 613
List the prime factors of 124922.
2, 7, 8923
List the prime factors of 53261.
13, 17, 241
List the prime factors of 16114.
2, 7, 1151
List the prime factors of 520.
2, 5, 13
List the prime factors of 6737.
6737
List the prime factors of 1089.
3, 11
What are the prime factors of 4369?
17, 257
What are the prime factors of 2897?
2897
What are the prime factors of 19070?
2, 5, 1907
What are the prime factors of 1168?
2, 73
List the prime factors of 113471.
233, 487
List the prime factors of 4286.
2, 2143
What are the prime factors of 8?
2
List the prime factors of 15035.
5, 31, 97
List the prime factors of 221.
13, 17
List the prime factors of 8390.
2, 5, 839
List the prime factors of 11682.
2, 3, 11, 59
List the prime factors of 1040.
2, 5, 13
List the prime factors of 169089.
3, 157, 359
List the prime factors of 22230.
2, 3, 5, 13, 19
List the prime factors of 52870.
2, 5, 17, 311
What are the prime factors of 1961?
37, 53
What are the prime factors of 24171?
3, 7, 1151
What are the prime factors of 8576?
2, 67
What are the prime factors of 14280?
2, 3, 5, 7, 17
List the prime factors of 13397.
13397
What are the prime factors of 2161?
2161
What are the prime factors of 1854?
2, 3, 103
What are the prime factors of 1213?
1213
List the prime factors of 20422.
2, 10211
What are the prime factors of 280?
2, 5, 7
List the prime factors of 12044.
2, 3011
What are the prime factors of 23406?
2, 3, 47, 83
What are the prime factors of 3575?
5, 11, 13
List the prime factors of 1708.
2, 7, 61
List the prime factors of 4675.
5, 11, 17
List the prime factors of 702.
2, 3, 13
List the prime factors of 10433.
10433
List the prime factors of 18408.
2, 3, 13, 59
What are the prime factors of 2172?
2, 3, 181
List the prime factors of 45479.
7, 73, 89
List the prime factors of 1702.
2, 23, 37
What are the prime factors of 9533?
9533
List the prime factors of 170648.
2, 83, 257
What are the prime factors of 52872?
2, 3, 2203
What are the prime factors of 271?
271
What are the prime factors of 722?
2, 19
List the prime factors of 4422.
2, 3, 11, 67
List the prime factors of 7150.
2, 5, 11, 13
List the prime factors of 553.
7, 79
What are the prime factors of 601?
601
What are the prime factors of 1485?
3, 5, 11
List the prime factors of 47549.
17, 2797
What are the prime factors of 28581?
3, 7, 1361
What are the prime factors of 1205?
5, 241
What are the prime factors of 736?
2, 23
What are the prime factors of 817?
19, 43
What are the prime factors of 11231?
11, 1021
What are the prime factors of 6515?
5, 1303
What are the prime factors of 2550?
2, 3, 5, 17
What are the prime factors of 631?
631
What are the prime factors of 174?
2, 3, 29
List the prime factors of 106473.
3, 35491
What are the prime factors of 399?
3, 7, 19
List the prime factors of 11893.
7, 1699
What are the prime factors of 12302?
2, 6151
List the prime factors of 1589.
7, 227
What are the prime factors of 573?
3, 191
List the prime factors of 22244.
2, 67, 83
List the prime factors of 1311.
3, 19, 23
List the prime factors of 60723.
3, 13, 173
List the prime factors of 9943.
61, 163
List the prime factors of 14127.
3, 17, 277
List the prime factors of 334.
2, 167
What are the prime factors of 1669?
1669
What are the prime factors of 4027?
4027
What are the prime factors of 34934?
2, 17467
List the prime factors of 6778.
2, 3389
List the prime factors of 32560.
2, 5, 11, 37
List the prime factors of 32208.
2, 3, 11, 61
List the prime factors of 1072.
2, 67
What are the prime factors of 92922?
2, 3, 17, 911
List the prime factors of 5405.
5, 23, 47
What are the prime factors of 425?
5, 17
List the prime factors of 5062.
2, 2531
List the prime factors of 3678.
2, 3, 613
What are the prime factors of 43450?
2, 5, 11, 79
List the prime factors of 9350.
2, 5, 11, 17
List the prime factors of 147703.
147703
What are the prime factors of 5490?
2, 3, 5, 61
List the prime factors of 1171.
1171
What are the prime factors of 840?
2, 3, 5, 7
What are the prime factors of 10889?
10889
What are the prime factors of 90?
2, 3, 5
What are the prime factors of 3564?
2, 3, 11
What are the prime factors of 18555?
3, 5, 1237
List the prime factors of 997.
997
What are the prime factors of 157504?
2, 23, 107
List the prime factors of 45748.
2, 11437
List the prime factors of 589.
19, 31
List the prime factors of 20017.
37, 541
List the prime factors of 12934